What is the units digit of x?
3
Suppose 4*t = -5 + 1, -c + 3*t + 10 = 0. Suppose 2*s = c - 1. Suppose 0*n - 3*i - s = -3*n, -5*i = -2*n - 13. What is the units digit of n?
6
Let m(x) = x**2 + 4*x. Let d be m(-3). Let f = d - -14. What is the tens digit of f?
1
Suppose 3*g = 4*b + 14, 3*g - 6*b + b = 13. Let q be ((-3)/12*0)/1. Suppose q = -5*u + g + 9. What is the units digit of u?
3
Let w(u) = u - 1. Let g(i) = 4*i - 5. Let j(s) = g(s) - 3*w(s). What is the units digit of j(3)?
1
Let t be (-2 - 4 - -1)*-1. Let m = -31 + 31. What is the units digit of t - ((-6 - -3) + m)?
8
Suppose 4*t = 5*t + 28. Let g be 80/(-14) + 8/t. Let i(s) = s**2 + 2*s - 4. What is the units digit of i(g)?
0
Suppose 0 = 2*g + p - 3, 0 = -5*g + 2*p + 2*p - 12. Suppose c = -g*i - 4*i + 52, c - i = 32. What is the units digit of c?
6
Let g = -34 - -82. Suppose -3*b = b - g. What is the units digit of b/(-2)*-1*1?
6
Let o = -56 + 106. What is the tens digit of o?
5
Let m(u) = u**3 - u - 1. Let j be m(-2). Let n(h) = -h**2 - 6*h + 2. Let w be n(j). Let s = w - -8. What is the units digit of s?
3
Let h(y) = -y**3 + 7*y**2 + 8*y + 7. Let q = 2 + 6. What is the units digit of h(q)?
7
Let c = 7 - 1. Let j be 2/c - (-178)/6. Let f = -18 + j. What is the tens digit of f?
1
Suppose -3*m + 2*m + 15 = 0. Suppose 5*a + 0 = m. Let u = 4 - a. What is the units digit of u?
1
Let y be 1/(18/(-10) + 2). Suppose y*b + 6 = 16. Suppose -4*z + 24 = 4*x, -5*x - b*z + 27 = 2*z. What is the units digit of x?
3
Let g = 19 - 31. Let h(b) = b**3 + 12*b**2 - 2*b + 14. What is the units digit of h(g)?
8
Suppose 2*z = -5*l + 212, l + 1 - 33 = -3*z. What is the units digit of l?
4
Let d(r) = r**2 + r + 2. Let v be d(0). What is the tens digit of 53/v + (-12)/8?
2
Suppose 3*p - 5*n + 0*n - 32 = 0, 0 = -2*p - 4*n + 36. Let t be 3/5 - (-96)/(-10). Let b = t + p. What is the units digit of b?
5
Suppose 284 = 10*z - 6*z. Suppose -c - 16 = 2*r - z, 3*c + 69 = 3*r. What is the units digit of r?
6
Suppose 1 = 5*t - 4. Let a = 9 - t. What is the units digit of a?
8
Suppose 2*f - 5 = -p, -5*f = -8*f - 3*p + 12. Let m(o) = 6*o**3 + 1. Let g be m(f). Suppose -g = 2*t - 27. What is the units digit of t?
0
Suppose -3*b = x + 4, -3*x + 2 = -0*b + 2*b. Suppose x*i - 2*r = 82, r - 76 - 18 = -2*i. What is the tens digit of i?
4
What is the hundreds digit of 6/27 + (-2473)/(-9)?
2
Let r = 6 - 4. What is the units digit of 4 + (r - (2 + -1))?
5
Let x(i) = -2*i**3 - 3*i**2 - i + 2. Let a be x(-2). Suppose 2*s = -0*s + 8. Suppose -s*j = -a - 16. What is the units digit of j?
6
What is the tens digit of 3 + (-124)/(-3 + -1)?
3
Let i = -11 - -4. Let t = -3 - i. What is the units digit of t?
4
Let q(u) = u**2 - 3*u - 2. Let a be q(5). Suppose -5 - a = -z. Let o = z - 8. What is the units digit of o?
5
Let a(n) be the third derivative of n**6/40 - n**5/60 + n**3/6 + 3*n**2. Let p be a(1). Suppose p*w = -10 + 31. What is the units digit of w?
7
Let c(l) = -l - 5. Let b be c(-5). Suppose b = -5*n - 2*j + 6, 0 = n + 3*j - j - 6. What is the units digit of -1 + 2 - n - -1?
2
Suppose t + 11 = -4*j, 6*t = 3*j + 2*t + 13. Let b = j - -12. What is the units digit of b?
9
Suppose 20 = -0*a + 4*a, 2*a + 102 = 2*n. What is the tens digit of n?
5
Suppose 0 = i + 2*s - 12, -2*s - 5 = -i + 15. What is the tens digit of i?
1
Let u be 6/(-21) + 9/7. Let o be 2 + 1 - (u + 0). Suppose 3*d + 26 = 2*v, 4*d = o*v + v - 38. What is the units digit of v?
0
Let m = -17 + 55. What is the tens digit of m?
3
Suppose 0 = -3*x + x - 5*b + 37, -3*x - 2*b + 39 = 0. Suppose -114 = -5*y + x. What is the units digit of y?
5
Let t = 9 - 5. Suppose 5*x - t*b - 14 = 54, b = -x + 10. What is the units digit of x?
2
What is the units digit of 36 - (-1 - 1 - -3)?
5
Let y = 17 + -4. What is the units digit of y?
3
Suppose 8*y - 3*y = 130. What is the units digit of y?
6
Let d(r) = -13*r - r**2 + 2*r**2 + r**2 - 5 + 17*r. What is the tens digit of d(-4)?
1
Let i(g) = -g**3 - 12*g**2 - 11*g + 3. Let l be i(-11). Suppose 0 = 3*r - 15 - l. Let c = r + 5. What is the tens digit of c?
1
Let q(x) = x**3 - 11*x**2 - 15*x + 18. Let r be q(12). What is the tens digit of (-975)/r - 2/12?
5
Let g be 5/1*(-6)/(-6). Suppose 0 = -g*o + 5. Let w = 7 - o. What is the units digit of w?
6
What is the units digit of (-235 + -2 + 4)/((-5)/5)?
3
What is the units digit of (-652)/(-14) - 16/28?
6
Suppose -32 - 38 = -5*z. Let d = z - -6. Suppose -4*g = -d - 4. What is the units digit of g?
6
Let f = -24 - -6. Let x = 28 + f. What is the tens digit of x?
1
Suppose -3*t = 2*a - 4*t + 4, -4*t + 16 = a. Suppose a = 3*j - 4 - 11. What is the units digit of j?
5
Let v be (2/(-6))/((-2)/24). What is the units digit of (v/5)/((-1)/(-5))?
4
Let h = 8 + -7. What is the tens digit of (42 - 4)*h + 3?
4
Suppose c = -0*c - 5. Let j = c + 10. Suppose -5*z - 3*b = -66, -58 = -z - 3*z - j*b. What is the tens digit of z?
1
Let y = 17 + -26. Let t = -6 - y. What is the units digit of t?
3
Let q(k) = 4*k**2 - 4*k + 2. What is the units digit of q(2)?
0
Let d be 20/(-6) + (-1)/(-3). Let q = -4 - d. What is the units digit of q - (0 - 10)/2?
4
Let p = -121 - -208. What is the tens digit of p?
8
Suppose 2*r - 6 = 20. Suppose 2*l - 77 = -17. Suppose 3*p = -w + 39, -2*p + r + l = -5*w. What is the tens digit of p?
1
Let m(s) = 6*s**2 - 29*s - 4. What is the tens digit of m(11)?
0
Let g(o) = -o**2 + 6*o - 5. Let h be g(4). Suppose h + 0 = m + t, t = 2*m - 6. Suppose m*p = 12 + 9. What is the units digit of p?
7
Let x = 16 - 11. Suppose x*s + 3 - 8 = 0. What is the units digit of (1 - s) + 1*3?
3
Let j(a) = a - 4. Let z be j(4). Suppose -4*k + 4 + 0 = z, -7 = -o + 5*k. What is the tens digit of o?
1
Suppose 0 = -2*c - i + 147, 4*i + 7 = -c + 63. What is the tens digit of c?
7
Let i be (3 + 0)/((-2)/(-2)). Suppose 17 + 3 = 4*r. Let n = r - i. What is the units digit of n?
2
Suppose 4*j + 2*r - r = -3, -5*j + 5*r = -15. Suppose 3*c + 2 - 8 = j. Suppose 0 = 2*g + c*g + 5*z + 8, -26 = -2*g + 5*z. What is the units digit of g?
3
Suppose 2*r = 4*d + 2, -5*r + d - 23 = 5*d. Let h = r + 10. What is the units digit of h?
7
Let s(l) = -2*l + 6. Let p be s(-8). Let m = 44 - p. What is the tens digit of m?
2
Let l be (-20)/(3/6*-1). Let q = -16 + l. What is the tens digit of q?
2
Suppose -2*j - j + 342 = 0. What is the tens digit of j?
1
Let v(w) = 15*w + 82. What is the tens digit of v(16)?
2
Suppose -u + 11 = y + 2*u, -2*y + 10 = 2*u. Suppose -4*v - 39 + 7 = 0. Let c = y - v. What is the units digit of c?
0
Let r(u) = -u**2 - 11*u. Let i be r(-11). Let c be -1 + i - (-4 + -7). Suppose -o = o - c. What is the units digit of o?
5
Let h(a) = 19*a**2 - 8*a - 19. What is the hundreds digit of h(-4)?
3
Let w = 58 + -17. What is the tens digit of w?
4
Suppose -2 = d - 3*t - 3, -4*t = d - 8. What is the units digit of (-27)/(-4) - (-1)/d?
7
Let m = 0 - -2. Suppose -3*s + 1 = -m. What is the units digit of 1 - (s - 2 - 3)?
5
Let m = -21 - -36. What is the tens digit of m?
1
Suppose 1 = -3*w - 8. What is the units digit of (-1)/w - (-8)/12?
1
Suppose -k + 7 = -2*y + 19, 3*y - 5*k = 11. What is the units digit of y?
7
Let s(m) = -m**3 + 2*m**2 + 3*m - 3. Let y be s(2). Suppose -1 - 2 = -y*q. What is the units digit of q?
1
Let a be 2/((-2)/1) + 0. Let r be (a/(2/(-4)))/(-2). What is the tens digit of (-2 - r) + 48/4?
1
What is the hundreds digit of 28/(-1)*(-37)/4?
2
Suppose -25 + 1 = -3*v. Suppose 3*r + 3*k - k = 6, 0 = 2*r + k - 4. Suppose -4*x + 4*g = v, 0 = -3*x + r*g - 4*g + 9. What is the units digit of x?
1
Suppose -1 = -h + 1. Suppose 0 = -2*f + h. What is the units digit of f?
1
Let c = -121 - -232. What is the tens digit of c?
1
Suppose 0 = z - 3*z + 20. Let q = 11 + z. What is the units digit of (q - -4)*4/10?
0
Let c(p) = 56*p**2 - p + 1. Suppose 5*z - 2 = 3*z. Let v be c(z). Suppose -6*b + v = -2*b + 4*o, -2*o = -3*b + 17. What is the units digit of b?
9
Suppose -77 = -3*l - l + r, -3*l + 62 = -5*r. Suppose -1 + l = -x. Let h = -10 - x. What is the units digit of h?
8
Let c(a) = a**3 - 6*a**2 + 6*a + 2. Suppose 4*i = -5*l - 3, 5*l = -9 - 6. Suppose -i*b = -12, -4*r - 5*b = -3*b - 28. What is the units digit of c(r)?
7
Let b(y) = 3*y**2 - y - 1. Let c be b(-1). Suppose k - 4*k = c. Let j(f) = -8*f**3 + 2*f + 1. What is th